{"id":15,"date":"2023-07-20T14:25:08","date_gmt":"2023-07-20T14:25:08","guid":{"rendered":"https:\/\/inversionesfenix.com.sv\/haciendas-del-mediterraneo\/?page_id=15"},"modified":"2024-08-14T20:19:19","modified_gmt":"2024-08-14T20:19:19","slug":"modelo-malta","status":"publish","type":"page","link":"https:\/\/inversionesfenix.com.sv\/haciendas-del-mediterraneo\/modelo-malta\/","title":{"rendered":"Modelo Malta"},"content":{"rendered":"\t\t<div data-elementor-type=\"wp-page\" data-elementor-id=\"15\" class=\"elementor elementor-15\">\n\t\t\t\t\t\t<section class=\"elementor-section elementor-top-section elementor-element elementor-element-e3fcb70 elementor-section-full_width elementor-section-height-default elementor-section-height-default\" data-id=\"e3fcb70\" data-element_type=\"section\">\n\t\t\t\t\t\t<div class=\"elementor-container elementor-column-gap-default\">\n\t\t\t\t\t<div class=\"elementor-column elementor-col-100 elementor-top-column elementor-element elementor-element-3439a3b\" data-id=\"3439a3b\" data-element_type=\"column\">\n\t\t\t<div class=\"elementor-widget-wrap elementor-element-populated\">\n\t\t\t\t\t\t<div class=\"elementor-element elementor-element-eb9a56e elementor-widget elementor-widget-image\" data-id=\"eb9a56e\" data-element_type=\"widget\" data-widget_type=\"image.default\">\n\t\t\t\t<div class=\"elementor-widget-container\">\n\t\t\t\t\t\t\t\t\t\t\t\t\t\t\t<img fetchpriority=\"high\" decoding=\"async\" width=\"1920\" height=\"713\" src=\"https:\/\/inversionesfenix.com.sv\/haciendas-del-mediterraneo\/wp-content\/uploads\/2024\/07\/Malta_Banner.jpg\" class=\"attachment-full size-full wp-image-734\" alt=\"\" srcset=\"https:\/\/inversionesfenix.com.sv\/haciendas-del-mediterraneo\/wp-content\/uploads\/2024\/07\/Malta_Banner.jpg 1920w, https:\/\/inversionesfenix.com.sv\/haciendas-del-mediterraneo\/wp-content\/uploads\/2024\/07\/Malta_Banner-300x111.jpg 300w, https:\/\/inversionesfenix.com.sv\/haciendas-del-mediterraneo\/wp-content\/uploads\/2024\/07\/Malta_Banner-1024x380.jpg 1024w, https:\/\/inversionesfenix.com.sv\/haciendas-del-mediterraneo\/wp-content\/uploads\/2024\/07\/Malta_Banner-768x285.jpg 768w, https:\/\/inversionesfenix.com.sv\/haciendas-del-mediterraneo\/wp-content\/uploads\/2024\/07\/Malta_Banner-1536x570.jpg 1536w\" sizes=\"(max-width: 1920px) 100vw, 1920px\" \/>\t\t\t\t\t\t\t\t\t\t\t\t\t\t\t<\/div>\n\t\t\t\t<\/div>\n\t\t\t\t\t<\/div>\n\t\t<\/div>\n\t\t\t\t\t<\/div>\n\t\t<\/section>\n\t\t\t\t<section class=\"elementor-section elementor-top-section elementor-element elementor-element-a0c3761 elementor-section-full_width elementor-section-height-default elementor-section-height-default\" data-id=\"a0c3761\" data-element_type=\"section\" data-settings=\"{&quot;background_background&quot;:&quot;classic&quot;}\">\n\t\t\t\t\t\t<div class=\"elementor-container elementor-column-gap-default\">\n\t\t\t\t\t<div class=\"elementor-column elementor-col-100 elementor-top-column elementor-element elementor-element-8669d06\" data-id=\"8669d06\" data-element_type=\"column\">\n\t\t\t<div class=\"elementor-widget-wrap elementor-element-populated\">\n\t\t\t\t\t\t<div class=\"elementor-element elementor-element-1e0bc91 elementor-widget elementor-widget-text-editor\" data-id=\"1e0bc91\" data-element_type=\"widget\" data-widget_type=\"text-editor.default\">\n\t\t\t\t<div class=\"elementor-widget-container\">\n\t\t\t\t\t\t\t\t\t<p>Planta arquitect\u00f3nica<\/p>\t\t\t\t\t\t\t\t<\/div>\n\t\t\t\t<\/div>\n\t\t\t\t\t<\/div>\n\t\t<\/div>\n\t\t\t\t\t<\/div>\n\t\t<\/section>\n\t\t\t\t<section class=\"elementor-section elementor-top-section elementor-element elementor-element-1e26664 elementor-section-full_width elementor-section-height-default elementor-section-height-default\" data-id=\"1e26664\" data-element_type=\"section\">\n\t\t\t\t\t\t<div class=\"elementor-container elementor-column-gap-default\">\n\t\t\t\t\t<div class=\"elementor-column elementor-col-100 elementor-top-column elementor-element elementor-element-4f233c9\" data-id=\"4f233c9\" data-element_type=\"column\">\n\t\t\t<div class=\"elementor-widget-wrap elementor-element-populated\">\n\t\t\t\t\t\t<div class=\"elementor-element elementor-element-b4ab923 elementor-widget elementor-widget-image\" data-id=\"b4ab923\" data-element_type=\"widget\" data-widget_type=\"image.default\">\n\t\t\t\t<div class=\"elementor-widget-container\">\n\t\t\t\t\t\t\t\t\t\t\t\t\t\t\t<img decoding=\"async\" width=\"1920\" height=\"800\" src=\"https:\/\/inversionesfenix.com.sv\/haciendas-del-mediterraneo\/wp-content\/uploads\/2024\/07\/Malta_PlantaArq.jpg\" class=\"attachment-full size-full wp-image-738\" alt=\"\" srcset=\"https:\/\/inversionesfenix.com.sv\/haciendas-del-mediterraneo\/wp-content\/uploads\/2024\/07\/Malta_PlantaArq.jpg 1920w, https:\/\/inversionesfenix.com.sv\/haciendas-del-mediterraneo\/wp-content\/uploads\/2024\/07\/Malta_PlantaArq-300x125.jpg 300w, https:\/\/inversionesfenix.com.sv\/haciendas-del-mediterraneo\/wp-content\/uploads\/2024\/07\/Malta_PlantaArq-1024x427.jpg 1024w, https:\/\/inversionesfenix.com.sv\/haciendas-del-mediterraneo\/wp-content\/uploads\/2024\/07\/Malta_PlantaArq-768x320.jpg 768w, https:\/\/inversionesfenix.com.sv\/haciendas-del-mediterraneo\/wp-content\/uploads\/2024\/07\/Malta_PlantaArq-1536x640.jpg 1536w\" sizes=\"(max-width: 1920px) 100vw, 1920px\" \/>\t\t\t\t\t\t\t\t\t\t\t\t\t\t\t<\/div>\n\t\t\t\t<\/div>\n\t\t\t\t\t<\/div>\n\t\t<\/div>\n\t\t\t\t\t<\/div>\n\t\t<\/section>\n\t\t\t\t<section class=\"elementor-section elementor-top-section elementor-element elementor-element-3a732e4 elementor-section-full_width elementor-section-height-default elementor-section-height-default\" data-id=\"3a732e4\" data-element_type=\"section\" data-settings=\"{&quot;background_background&quot;:&quot;classic&quot;}\">\n\t\t\t\t\t\t<div class=\"elementor-container elementor-column-gap-default\">\n\t\t\t\t\t<div class=\"elementor-column elementor-col-33 elementor-top-column elementor-element elementor-element-40fc188\" data-id=\"40fc188\" data-element_type=\"column\">\n\t\t\t<div class=\"elementor-widget-wrap\">\n\t\t\t\t\t\t\t<\/div>\n\t\t<\/div>\n\t\t\t\t<div class=\"elementor-column elementor-col-33 elementor-top-column elementor-element elementor-element-1bdff11\" data-id=\"1bdff11\" data-element_type=\"column\">\n\t\t\t<div class=\"elementor-widget-wrap elementor-element-populated\">\n\t\t\t\t\t\t<div class=\"elementor-element elementor-element-75a35ed elementor-widget__width-initial elementor-widget elementor-widget-image\" data-id=\"75a35ed\" data-element_type=\"widget\" data-widget_type=\"image.default\">\n\t\t\t\t<div class=\"elementor-widget-container\">\n\t\t\t\t\t\t\t\t\t\t\t\t\t\t\t<img decoding=\"async\" width=\"75\" height=\"76\" src=\"https:\/\/inversionesfenix.com.sv\/haciendas-del-mediterraneo\/wp-content\/uploads\/2024\/07\/Medidas_Icono.png\" class=\"attachment-full size-full wp-image-431\" alt=\"\" \/>\t\t\t\t\t\t\t\t\t\t\t\t\t\t\t<\/div>\n\t\t\t\t<\/div>\n\t\t\t\t<div class=\"elementor-element elementor-element-3c2dfd8 elementor-widget__width-initial elementor-widget-tablet__width-initial elementor-widget-mobile__width-initial elementor-widget elementor-widget-text-editor\" data-id=\"3c2dfd8\" data-element_type=\"widget\" data-widget_type=\"text-editor.default\">\n\t\t\t\t<div class=\"elementor-widget-container\">\n\t\t\t\t\t\t\t\t\t<p style=\"text-align: left;\"><span style=\"color: #ffffff;\"><span style=\"font-family: Montserrat, BlinkMacSystemFont, 'Segoe UI', Roboto, 'Helvetica Neue', Arial, 'Noto Sans', 'Liberation Sans', sans-serif, 'Apple Color Emoji', 'Segoe UI Emoji', 'Segoe UI Symbol', 'Noto Color Emoji'; font-size: 20px;\">\u00a0\u00c1rea total del terreno: 77 M<\/span><span style=\"position: relative; font-size: 15px; line-height: 0; vertical-align: baseline; top: -0.5em; font-family: -Montserrat, BlinkMacSystemFont, 'Segoe UI', Roboto, 'Helvetica Neue', Arial, 'Noto Sans', 'Liberation Sans', sans-serif, 'Apple Color Emoji', 'Segoe UI Emoji', 'Segoe UI Symbol', 'Noto Color Emoji';\">2<\/span><span style=\"font-family: Montserrat, BlinkMacSystemFont, 'Segoe UI', Roboto, 'Helvetica Neue', Arial, 'Noto Sans', 'Liberation Sans', sans-serif, 'Apple Color Emoji', 'Segoe UI Emoji', 'Segoe UI Symbol', 'Noto Color Emoji'; font-size: 20px;\">\u00a0<\/span><span style=\"font-family: Montserrat, BlinkMacSystemFont, 'Segoe UI', Roboto, 'Helvetica Neue', Arial, 'Noto Sans', 'Liberation Sans', sans-serif, 'Apple Color Emoji', 'Segoe UI Emoji', 'Segoe UI Symbol', 'Noto Color Emoji'; font-size: 20px;\"><br \/>\u00a0\u00c1rea total de construcci\u00f3n: 33.80M<\/span><span style=\"position: relative; font-size: 15px; line-height: 0; vertical-align: baseline; top: -0.5em; font-family: -apple-system, BlinkMacSystemFont, 'Segoe UI', Roboto, 'Helvetica Neue', Arial, 'Noto Sans', 'Liberation Sans', sans-serif, 'Apple Color Emoji', 'Segoe UI Emoji', 'Segoe UI Symbol', 'Noto Color Emoji';\">2<\/span><\/span><\/p>\t\t\t\t\t\t\t\t<\/div>\n\t\t\t\t<\/div>\n\t\t\t\t\t<\/div>\n\t\t<\/div>\n\t\t\t\t<div class=\"elementor-column elementor-col-33 elementor-top-column elementor-element elementor-element-4032dab\" data-id=\"4032dab\" data-element_type=\"column\">\n\t\t\t<div class=\"elementor-widget-wrap\">\n\t\t\t\t\t\t\t<\/div>\n\t\t<\/div>\n\t\t\t\t\t<\/div>\n\t\t<\/section>\n\t\t\t\t<section class=\"elementor-section elementor-top-section elementor-element elementor-element-b5d7932 elementor-section-full_width elementor-section-height-default elementor-section-height-default\" data-id=\"b5d7932\" data-element_type=\"section\" data-settings=\"{&quot;background_background&quot;:&quot;classic&quot;}\">\n\t\t\t\t\t\t<div class=\"elementor-container elementor-column-gap-default\">\n\t\t\t\t\t<div class=\"elementor-column elementor-col-100 elementor-top-column elementor-element elementor-element-c6cff7b\" data-id=\"c6cff7b\" data-element_type=\"column\">\n\t\t\t<div class=\"elementor-widget-wrap elementor-element-populated\">\n\t\t\t\t\t\t<div class=\"elementor-element elementor-element-ed07fa9 elementor-widget elementor-widget-text-editor\" data-id=\"ed07fa9\" data-element_type=\"widget\" data-widget_type=\"text-editor.default\">\n\t\t\t\t<div class=\"elementor-widget-container\">\n\t\t\t\t\t\t\t\t\t<h1>Caracter\u00edsticas\u00a0<\/h1>\t\t\t\t\t\t\t\t<\/div>\n\t\t\t\t<\/div>\n\t\t\t\t\t<\/div>\n\t\t<\/div>\n\t\t\t\t\t<\/div>\n\t\t<\/section>\n\t\t\t\t<section class=\"elementor-section elementor-top-section elementor-element elementor-element-354d1c6 elementor-section-full_width elementor-section-height-default elementor-section-height-default\" data-id=\"354d1c6\" data-element_type=\"section\">\n\t\t\t\t\t\t<div class=\"elementor-container elementor-column-gap-default\">\n\t\t\t\t\t<div class=\"elementor-column elementor-col-50 elementor-top-column elementor-element elementor-element-9da53e7\" data-id=\"9da53e7\" data-element_type=\"column\">\n\t\t\t<div class=\"elementor-widget-wrap elementor-element-populated\">\n\t\t\t\t\t\t<div class=\"elementor-element elementor-element-5cc1bcc elementor-pagination-position-inside elementor-arrows-position-inside elementor-widget elementor-widget-image-carousel\" data-id=\"5cc1bcc\" data-element_type=\"widget\" data-settings=\"{&quot;slides_to_show&quot;:&quot;1&quot;,&quot;navigation&quot;:&quot;both&quot;,&quot;autoplay&quot;:&quot;yes&quot;,&quot;pause_on_hover&quot;:&quot;yes&quot;,&quot;pause_on_interaction&quot;:&quot;yes&quot;,&quot;autoplay_speed&quot;:5000,&quot;infinite&quot;:&quot;yes&quot;,&quot;effect&quot;:&quot;slide&quot;,&quot;speed&quot;:500}\" data-widget_type=\"image-carousel.default\">\n\t\t\t\t<div class=\"elementor-widget-container\">\n\t\t\t\t\t\t\t<div class=\"elementor-image-carousel-wrapper swiper\" role=\"region\" aria-roledescription=\"carousel\" aria-label=\"Carrusel de im\u00e1genes\" dir=\"ltr\">\n\t\t\t<div class=\"elementor-image-carousel swiper-wrapper\" aria-live=\"off\">\n\t\t\t\t\t\t\t\t<div class=\"swiper-slide\" role=\"group\" aria-roledescription=\"slide\" aria-label=\"1 de 7\"><figure class=\"swiper-slide-inner\"><img decoding=\"async\" class=\"swiper-slide-image\" src=\"https:\/\/inversionesfenix.com.sv\/haciendas-del-mediterraneo\/wp-content\/uploads\/2024\/07\/Malta_Slider7-768x852.jpg\" alt=\"Malta_Slider7\" \/><\/figure><\/div><div class=\"swiper-slide\" role=\"group\" aria-roledescription=\"slide\" aria-label=\"2 de 7\"><figure class=\"swiper-slide-inner\"><img decoding=\"async\" class=\"swiper-slide-image\" src=\"https:\/\/inversionesfenix.com.sv\/haciendas-del-mediterraneo\/wp-content\/uploads\/2024\/07\/Malta_Slider1-768x852.jpg\" alt=\"Malta_Slider1\" \/><\/figure><\/div><div class=\"swiper-slide\" role=\"group\" aria-roledescription=\"slide\" aria-label=\"3 de 7\"><figure class=\"swiper-slide-inner\"><img decoding=\"async\" class=\"swiper-slide-image\" src=\"https:\/\/inversionesfenix.com.sv\/haciendas-del-mediterraneo\/wp-content\/uploads\/2024\/07\/Malta_Slider2-768x852.jpg\" alt=\"Malta_Slider2\" \/><\/figure><\/div><div class=\"swiper-slide\" role=\"group\" aria-roledescription=\"slide\" aria-label=\"4 de 7\"><figure class=\"swiper-slide-inner\"><img decoding=\"async\" class=\"swiper-slide-image\" src=\"https:\/\/inversionesfenix.com.sv\/haciendas-del-mediterraneo\/wp-content\/uploads\/2024\/07\/Malta_Slider3-768x852.jpg\" alt=\"Malta_Slider3\" \/><\/figure><\/div><div class=\"swiper-slide\" role=\"group\" aria-roledescription=\"slide\" aria-label=\"5 de 7\"><figure class=\"swiper-slide-inner\"><img decoding=\"async\" class=\"swiper-slide-image\" src=\"https:\/\/inversionesfenix.com.sv\/haciendas-del-mediterraneo\/wp-content\/uploads\/2024\/07\/Malta_Slider4-768x852.jpg\" alt=\"Malta_Slider4\" \/><\/figure><\/div><div class=\"swiper-slide\" role=\"group\" aria-roledescription=\"slide\" aria-label=\"6 de 7\"><figure class=\"swiper-slide-inner\"><img decoding=\"async\" class=\"swiper-slide-image\" src=\"https:\/\/inversionesfenix.com.sv\/haciendas-del-mediterraneo\/wp-content\/uploads\/2024\/07\/Malta_Slider5-768x852.jpg\" alt=\"Malta_Slider5\" \/><\/figure><\/div><div class=\"swiper-slide\" role=\"group\" aria-roledescription=\"slide\" aria-label=\"7 de 7\"><figure class=\"swiper-slide-inner\"><img decoding=\"async\" class=\"swiper-slide-image\" src=\"https:\/\/inversionesfenix.com.sv\/haciendas-del-mediterraneo\/wp-content\/uploads\/2024\/07\/Malta_Slider6-768x852.jpg\" alt=\"Malta_Slider6\" \/><\/figure><\/div>\t\t\t<\/div>\n\t\t\t\t\t\t\t\t\t\t\t\t<div class=\"elementor-swiper-button elementor-swiper-button-prev\" role=\"button\" tabindex=\"0\">\n\t\t\t\t\t\t<i aria-hidden=\"true\" class=\"eicon-chevron-left\"><\/i>\t\t\t\t\t<\/div>\n\t\t\t\t\t<div class=\"elementor-swiper-button elementor-swiper-button-next\" role=\"button\" tabindex=\"0\">\n\t\t\t\t\t\t<i aria-hidden=\"true\" class=\"eicon-chevron-right\"><\/i>\t\t\t\t\t<\/div>\n\t\t\t\t\n\t\t\t\t\t\t\t\t\t<div class=\"swiper-pagination\"><\/div>\n\t\t\t\t\t\t\t\t\t<\/div>\n\t\t\t\t\t\t<\/div>\n\t\t\t\t<\/div>\n\t\t\t\t\t<\/div>\n\t\t<\/div>\n\t\t\t\t<div class=\"elementor-column elementor-col-50 elementor-top-column elementor-element elementor-element-e72c382\" data-id=\"e72c382\" data-element_type=\"column\">\n\t\t\t<div class=\"elementor-widget-wrap elementor-element-populated\">\n\t\t\t\t\t\t<div class=\"elementor-element elementor-element-3785cab elementor-widget elementor-widget-text-editor\" data-id=\"3785cab\" data-element_type=\"widget\" data-widget_type=\"text-editor.default\">\n\t\t\t\t<div class=\"elementor-widget-container\">\n\t\t\t\t\t\t\t\t\t<h2><strong>Modelo de vivienda en un nivel.<\/strong><\/h2><p>Multifuncional sala &#8211; comedor &#8211; cocina.<\/p><p>Espaciosa habitaci\u00f3n principal<br \/>y habitaci\u00f3n\u00a0 junior.<\/p><p>Cochera para dos veh\u00edculos.<\/p><p>Ba\u00f1o social &#8211; familiar.<\/p>\t\t\t\t\t\t\t\t<\/div>\n\t\t\t\t<\/div>\n\t\t\t\t\t<\/div>\n\t\t<\/div>\n\t\t\t\t\t<\/div>\n\t\t<\/section>\n\t\t\t\t<section class=\"elementor-section elementor-top-section elementor-element elementor-element-d9795da elementor-section-boxed elementor-section-height-default elementor-section-height-default\" data-id=\"d9795da\" data-element_type=\"section\" data-settings=\"{&quot;background_background&quot;:&quot;classic&quot;}\">\n\t\t\t\t\t\t<div class=\"elementor-container elementor-column-gap-default\">\n\t\t\t\t\t<div class=\"elementor-column elementor-col-100 elementor-top-column elementor-element elementor-element-6517431\" data-id=\"6517431\" data-element_type=\"column\">\n\t\t\t<div class=\"elementor-widget-wrap elementor-element-populated\">\n\t\t\t\t\t\t<div class=\"elementor-element elementor-element-bbe7624 elementor-widget elementor-widget-text-editor\" data-id=\"bbe7624\" data-element_type=\"widget\" data-widget_type=\"text-editor.default\">\n\t\t\t\t<div class=\"elementor-widget-container\">\n\t\t\t\t\t\t\t\t\t<h1><strong>Detalles Arquitect\u00f3nicos:<\/strong><\/h1><p>Arquitectura contempor\u00e1nea en fachada.<\/p><p>Cochera revestida con tecnolog\u00eda bicapa en adoqu\u00edn.<\/p><p class=\"lexema_title\">Perfiler\u00eda importada en ventanas de PVC en toda la vivienda.<\/p><p>Puerta de vidrio hacia el jard\u00edn\u00a0.<\/p><p>Cielo falso importado.<\/p>\t\t\t\t\t\t\t\t<\/div>\n\t\t\t\t<\/div>\n\t\t\t\t\t<\/div>\n\t\t<\/div>\n\t\t\t\t\t<\/div>\n\t\t<\/section>\n\t\t\t\t<\/div>\n\t\t","protected":false},"excerpt":{"rendered":"<p>Planta arquitect\u00f3nica \u00a0\u00c1rea total del terreno: 77 M2\u00a0\u00a0\u00c1rea total de construcci\u00f3n: 33.80M2 Caracter\u00edsticas\u00a0 Modelo de vivienda en un nivel. Multifuncional sala &#8211; comedor &#8211; cocina. Espaciosa habitaci\u00f3n principaly habitaci\u00f3n\u00a0 junior. Cochera para dos veh\u00edculos. Ba\u00f1o social &#8211; familiar. Detalles Arquitect\u00f3nicos: Arquitectura contempor\u00e1nea en fachada. Cochera revestida con tecnolog\u00eda bicapa en adoqu\u00edn. Perfiler\u00eda importada en ventanas [&hellip;]<\/p>\n","protected":false},"author":1,"featured_media":0,"parent":0,"menu_order":0,"comment_status":"closed","ping_status":"closed","template":"","meta":{"_joinchat":[],"footnotes":""},"class_list":["post-15","page","type-page","status-publish","hentry"],"_links":{"self":[{"href":"https:\/\/inversionesfenix.com.sv\/haciendas-del-mediterraneo\/wp-json\/wp\/v2\/pages\/15","targetHints":{"allow":["GET"]}}],"collection":[{"href":"https:\/\/inversionesfenix.com.sv\/haciendas-del-mediterraneo\/wp-json\/wp\/v2\/pages"}],"about":[{"href":"https:\/\/inversionesfenix.com.sv\/haciendas-del-mediterraneo\/wp-json\/wp\/v2\/types\/page"}],"author":[{"embeddable":true,"href":"https:\/\/inversionesfenix.com.sv\/haciendas-del-mediterraneo\/wp-json\/wp\/v2\/users\/1"}],"replies":[{"embeddable":true,"href":"https:\/\/inversionesfenix.com.sv\/haciendas-del-mediterraneo\/wp-json\/wp\/v2\/comments?post=15"}],"version-history":[{"count":20,"href":"https:\/\/inversionesfenix.com.sv\/haciendas-del-mediterraneo\/wp-json\/wp\/v2\/pages\/15\/revisions"}],"predecessor-version":[{"id":1064,"href":"https:\/\/inversionesfenix.com.sv\/haciendas-del-mediterraneo\/wp-json\/wp\/v2\/pages\/15\/revisions\/1064"}],"wp:attachment":[{"href":"https:\/\/inversionesfenix.com.sv\/haciendas-del-mediterraneo\/wp-json\/wp\/v2\/media?parent=15"}],"curies":[{"name":"wp","href":"https:\/\/api.w.org\/{rel}","templated":true}]}}